{"id":38,"date":"2025-03-01T15:28:41","date_gmt":"2025-03-01T14:28:41","guid":{"rendered":"http:\/\/philosophieaction.com\/?page_id=38"},"modified":"2025-09-17T13:21:22","modified_gmt":"2025-09-17T11:21:22","slug":"transmettre-pedagogie-cooperation-mutualisaiton","status":"publish","type":"page","link":"https:\/\/philosophieaction.com\/?page_id=38","title":{"rendered":"Transmission"},"content":{"rendered":"\n<blockquote class=\"wp-block-quote is-layout-flow wp-block-quote-is-layout-flow\">\n<p><br> L&rsquo;\u00c9cosyst\u00e8me de la transmission : des professeurs aux passeurs<\/p>\n<\/blockquote>\n\n\n\n<figure class=\"wp-block-image size-full\"><a href=\"https:\/\/agathevidal.fr\"><img alt=\"\" loading=\"lazy\" decoding=\"async\" width=\"720\" height=\"480\" src=\"http:\/\/philosophieaction.com\/wp-content\/uploads\/2025\/03\/UNADJUSTEDNONRAW_thumb_1fa5-1.jpg\" alt=\"\" class=\"wp-image-40\" srcset=\"https:\/\/philosophieaction.com\/wp-content\/uploads\/2025\/03\/UNADJUSTEDNONRAW_thumb_1fa5-1.jpg 720w, https:\/\/philosophieaction.com\/wp-content\/uploads\/2025\/03\/UNADJUSTEDNONRAW_thumb_1fa5-1-300x200.jpg 300w\" sizes=\"auto, (max-width: 720px) 100vw, 720px\" \/><\/a><\/figure>\n\n\n\n<p>Partager vos coups de coeur en philosophie et  parlez nous des oeuvres historiques !<\/p>\n\n\n\n<p>Les rencontres et les \u00e9v\u00e9nements seront partag\u00e9s sur une page d\u00e9di\u00e9e aux professionnels de l&rsquo;\u00e9dition afin de promouvoir vos auteurs.<\/p>\n\n\n\n<h2 class=\"wp-block-heading\">Association, collectivit\u00e9s et partenaires: Faire aimer les sciences<\/h2>\n\n\n\n<figure class=\"wp-block-image size-full is-resized\"><a href=\"https:\/\/www.jackguichard.fr\"><img alt=\"\" loading=\"lazy\" decoding=\"async\" width=\"300\" height=\"61\" src=\"http:\/\/philosophieaction.com\/wp-content\/uploads\/2025\/03\/logojack1.jpg\" alt=\"\" class=\"wp-image-173\" style=\"width:366px;height:auto\"\/><\/a><\/figure>\n\n\n\n<h2 class=\"wp-block-heading\">Parents,  enfants, enseignants, \u00e9ducateurs<\/h2>\n\n\n\n<figure class=\"wp-block-image size-full\"><a href=\"https:\/\/www.vrin.fr\"><img alt=\"\" loading=\"lazy\" decoding=\"async\" width=\"650\" height=\"380\" src=\"http:\/\/philosophieaction.com\/wp-content\/uploads\/2025\/03\/libraires.jpg\" alt=\"\" class=\"wp-image-42\" srcset=\"https:\/\/philosophieaction.com\/wp-content\/uploads\/2025\/03\/libraires.jpg 650w, https:\/\/philosophieaction.com\/wp-content\/uploads\/2025\/03\/libraires-300x175.jpg 300w\" sizes=\"auto, (max-width: 650px) 100vw, 650px\" \/><\/a><figcaption class=\"wp-element-caption\">Bookstore<\/figcaption><\/figure>\n\n\n\n<h2 class=\"wp-block-heading\">Biblioth\u00e9caires, libraires et \u00e9v\u00e9nements<\/h2>\n\n\n\n<figure class=\"wp-block-image size-large\"><a href=\"https:\/\/www.leslibraires.fr\"><img alt=\"\" loading=\"lazy\" decoding=\"async\" width=\"1024\" height=\"768\" src=\"http:\/\/philosophieaction.com\/wp-content\/uploads\/2025\/03\/photomediathequerelai-1024x768.jpg\" alt=\"\" class=\"wp-image-43\" srcset=\"https:\/\/philosophieaction.com\/wp-content\/uploads\/2025\/03\/photomediathequerelai-1024x768.jpg 1024w, https:\/\/philosophieaction.com\/wp-content\/uploads\/2025\/03\/photomediathequerelai-300x225.jpg 300w, https:\/\/philosophieaction.com\/wp-content\/uploads\/2025\/03\/photomediathequerelai-768x576.jpg 768w, https:\/\/philosophieaction.com\/wp-content\/uploads\/2025\/03\/photomediathequerelai-1536x1152.jpg 1536w, https:\/\/philosophieaction.com\/wp-content\/uploads\/2025\/03\/photomediathequerelai.jpg 2048w\" sizes=\"auto, (max-width: 1024px) 100vw, 1024px\" \/><\/a><\/figure>\n\n\n\n<h2 class=\"wp-block-heading\">Collectivit\u00e9s, institutions  et \u00e9ducation<\/h2>\n\n\n\n<figure class=\"wp-block-image size-large\"><a href=\"https:\/\/www.agathevidal.fr\/a-propos\/\"><img alt=\"\" loading=\"lazy\" decoding=\"async\" width=\"1024\" height=\"684\" src=\"http:\/\/philosophieaction.com\/wp-content\/uploads\/2025\/03\/photo-de-classe-avec-l-ves-cole-l-mentaire-primaire-et-enseignant-math-matiques-9084-1024x684.jpg\" alt=\"\" class=\"wp-image-44\" srcset=\"https:\/\/philosophieaction.com\/wp-content\/uploads\/2025\/03\/photo-de-classe-avec-l-ves-cole-l-mentaire-primaire-et-enseignant-math-matiques-9084-1024x684.jpg 1024w, https:\/\/philosophieaction.com\/wp-content\/uploads\/2025\/03\/photo-de-classe-avec-l-ves-cole-l-mentaire-primaire-et-enseignant-math-matiques-9084-300x200.jpg 300w, https:\/\/philosophieaction.com\/wp-content\/uploads\/2025\/03\/photo-de-classe-avec-l-ves-cole-l-mentaire-primaire-et-enseignant-math-matiques-9084-768x513.jpg 768w, https:\/\/philosophieaction.com\/wp-content\/uploads\/2025\/03\/photo-de-classe-avec-l-ves-cole-l-mentaire-primaire-et-enseignant-math-matiques-9084.jpg 1240w\" sizes=\"auto, (max-width: 1024px) 100vw, 1024px\" \/><\/a><figcaption class=\"wp-element-caption\">Many hands of volunteers during Maths class<\/figcaption><\/figure>\n\n\n\n<h2 class=\"wp-block-heading\">Communaut\u00e9s de recherche,  collectifs d&rsquo;artistes, clubs sportifs, residence artistique<\/h2>\n\n\n\n<p>Mettez en avant vos initiatives et developer des partenariats des professionnels engag\u00e9s et passionn\u00e9s par leur m\u00e9tier! <\/p>\n\n\n\n<figure class=\"wp-block-gallery has-nested-images columns-default is-cropped wp-block-gallery-1 is-layout-flex wp-block-gallery-is-layout-flex\">\n<figure class=\"wp-block-image size-large\"><a href=\"https:\/\/civipedia.tilda.ws\/mission\"><img alt=\"\" loading=\"lazy\" decoding=\"async\" width=\"318\" height=\"159\" data-id=\"59\" src=\"http:\/\/philosophieaction.com\/wp-content\/uploads\/2025\/03\/tennis.jpg\" alt=\"\" class=\"wp-image-59\" srcset=\"https:\/\/philosophieaction.com\/wp-content\/uploads\/2025\/03\/tennis.jpg 318w, https:\/\/philosophieaction.com\/wp-content\/uploads\/2025\/03\/tennis-300x150.jpg 300w\" sizes=\"auto, (max-width: 318px) 100vw, 318px\" \/><\/a><\/figure>\n<\/figure>\n\n\n\n<p>Venez nous parler de vos exp\u00e9riences en philosophie et de vos souhaits de d\u00e9couvertes, en publiant sur le blog!<\/p>\n\n\n\n<h2 class=\"wp-block-heading\">Philosophie on ligne<\/h2>\n\n\n\n<figure class=\"wp-block-image size-full\"><a href=\"https:\/\/philosophies.tv\"><img alt=\"\" loading=\"lazy\" decoding=\"async\" width=\"225\" height=\"225\" src=\"http:\/\/philosophieaction.com\/wp-content\/uploads\/2025\/03\/philosophie.tv_.jpeg\" alt=\"\" class=\"wp-image-182\" srcset=\"https:\/\/philosophieaction.com\/wp-content\/uploads\/2025\/03\/philosophie.tv_.jpeg 225w, https:\/\/philosophieaction.com\/wp-content\/uploads\/2025\/03\/philosophie.tv_-150x150.jpeg 150w\" sizes=\"auto, (max-width: 225px) 100vw, 225px\" \/><\/a><\/figure>\n\n\n\n<figure class=\"wp-block-image size-large\"><a href=\"https:\/\/lapausephilo.fr\/2018\/06\/19\/agathe-vidal-enseignement-philosophie\/\"><img alt=\"\" loading=\"lazy\" decoding=\"async\" width=\"1024\" height=\"1024\" src=\"http:\/\/philosophieaction.com\/wp-content\/uploads\/2025\/03\/pause-philo-1024x1024.jpeg\" alt=\"\" class=\"wp-image-131\" srcset=\"https:\/\/philosophieaction.com\/wp-content\/uploads\/2025\/03\/pause-philo-1024x1024.jpeg 1024w, https:\/\/philosophieaction.com\/wp-content\/uploads\/2025\/03\/pause-philo-300x300.jpeg 300w, https:\/\/philosophieaction.com\/wp-content\/uploads\/2025\/03\/pause-philo-150x150.jpeg 150w, https:\/\/philosophieaction.com\/wp-content\/uploads\/2025\/03\/pause-philo-768x768.jpeg 768w, https:\/\/philosophieaction.com\/wp-content\/uploads\/2025\/03\/pause-philo.jpeg 1080w\" sizes=\"auto, (max-width: 1024px) 100vw, 1024px\" \/><\/a><\/figure>\n\n\n\n<h2 class=\"wp-block-heading\">Cours de Philosophie<\/h2>\n\n\n\n<figure class=\"wp-block-image size-full is-resized\"><a href=\"https:\/\/sites.google.com\/view\/eyssette\"><img alt=\"Recherche\" loading=\"lazy\" decoding=\"async\" width=\"304\" height=\"166\" src=\"http:\/\/philosophieaction.com\/wp-content\/uploads\/2025\/03\/images-1.jpeg\" alt=\"\" class=\"wp-image-167\" style=\"width:284px;height:auto\" srcset=\"https:\/\/philosophieaction.com\/wp-content\/uploads\/2025\/03\/images-1.jpeg 304w, https:\/\/philosophieaction.com\/wp-content\/uploads\/2025\/03\/images-1-300x164.jpeg 300w\" sizes=\"auto, (max-width: 304px) 100vw, 304px\" \/><\/a><\/figure>\n\n\n\n<h2 class=\"wp-block-heading\">Philosophie pratique<\/h2>\n\n\n\n<figure class=\"wp-block-image size-full\"><a href=\"https:\/\/maisondelaphilo-romainville.org\/?page_id=4879\"><img alt=\"\" loading=\"lazy\" decoding=\"async\" width=\"590\" height=\"85\" src=\"http:\/\/philosophieaction.com\/wp-content\/uploads\/2025\/03\/lamaisondelaophilo.png\" alt=\"\" class=\"wp-image-151\" srcset=\"https:\/\/philosophieaction.com\/wp-content\/uploads\/2025\/03\/lamaisondelaophilo.png 590w, https:\/\/philosophieaction.com\/wp-content\/uploads\/2025\/03\/lamaisondelaophilo-300x43.png 300w\" sizes=\"auto, (max-width: 590px) 100vw, 590px\" \/><\/a><\/figure>\n\n\n\n<figure class=\"wp-block-image size-full is-resized\"><a href=\"https:\/\/fairephilo.com\"><img alt=\"\" loading=\"lazy\" decoding=\"async\" width=\"300\" height=\"247\" src=\"http:\/\/philosophieaction.com\/wp-content\/uploads\/2025\/03\/fairephilo.jpg\" alt=\"\" class=\"wp-image-134\" style=\"width:329px;height:auto\"\/><\/a><\/figure>\n\n\n\n<h2 class=\"wp-block-heading\">Formations et animation de communaut\u00e9s de recherche<\/h2>\n\n\n\n<figure class=\"wp-block-image size-full is-resized\"><a href=\"https:\/\/www.labophilo.fr\"><img alt=\"\" loading=\"lazy\" decoding=\"async\" width=\"318\" height=\"159\" src=\"http:\/\/philosophieaction.com\/wp-content\/uploads\/2025\/03\/labophilo.png\" alt=\"\" class=\"wp-image-153\" style=\"width:310px;height:auto\" srcset=\"https:\/\/philosophieaction.com\/wp-content\/uploads\/2025\/03\/labophilo.png 318w, https:\/\/philosophieaction.com\/wp-content\/uploads\/2025\/03\/labophilo-300x150.png 300w\" sizes=\"auto, (max-width: 318px) 100vw, 318px\" \/><\/a><\/figure>\n\n\n\n<figure class=\"wp-block-image size-full is-resized\"><img alt=\"\" loading=\"lazy\" decoding=\"async\" width=\"300\" height=\"96\" src=\"http:\/\/philosophieaction.com\/wp-content\/uploads\/2025\/03\/philocite.jpeg\" alt=\"\" class=\"wp-image-154\" style=\"width:317px;height:auto\"\/><\/figure>\n\n\n\n<figure class=\"wp-block-image size-full is-resized\"><a href=\"https:\/\/philoenfant.org\"><img alt=\"\" loading=\"lazy\" decoding=\"async\" width=\"342\" height=\"147\" src=\"http:\/\/philosophieaction.com\/wp-content\/uploads\/2025\/03\/philoenfants.jpeg\" alt=\"\" class=\"wp-image-155\" style=\"width:341px;height:auto\" srcset=\"https:\/\/philosophieaction.com\/wp-content\/uploads\/2025\/03\/philoenfants.jpeg 342w, https:\/\/philosophieaction.com\/wp-content\/uploads\/2025\/03\/philoenfants-300x129.jpeg 300w\" sizes=\"auto, (max-width: 342px) 100vw, 342px\" \/><\/a><\/figure>\n\n\n\n<h2 class=\"wp-block-heading\">Puisque que c&rsquo;est gr\u00e2ce aux enfants que l&rsquo;on apprend..<\/h2>\n\n\n\n<figure class=\"wp-block-image size-full\"><a href=\"https:\/\/lespetitsplatons.com\"><img alt=\"\" loading=\"lazy\" decoding=\"async\" width=\"242\" height=\"208\" src=\"http:\/\/philosophieaction.com\/wp-content\/uploads\/2025\/03\/lespetitsplaton-1.jpeg\" alt=\"\" class=\"wp-image-158\"\/><\/a><\/figure>\n\n\n\n<figure class=\"wp-block-image size-full is-resized\"><img alt=\"\" loading=\"lazy\" decoding=\"async\" width=\"359\" height=\"140\" src=\"http:\/\/philosophieaction.com\/wp-content\/uploads\/2025\/03\/phileasetautobulle.png\" alt=\"\" class=\"wp-image-157\" style=\"width:618px;height:auto\" srcset=\"https:\/\/philosophieaction.com\/wp-content\/uploads\/2025\/03\/phileasetautobulle.png 359w, https:\/\/philosophieaction.com\/wp-content\/uploads\/2025\/03\/phileasetautobulle-300x117.png 300w\" sizes=\"auto, (max-width: 359px) 100vw, 359px\" \/><\/figure>\n\n\n\n<figure class=\"wp-block-gallery has-nested-images columns-default is-cropped wp-block-gallery-2 is-layout-flex wp-block-gallery-is-layout-flex\">\n<figure class=\"wp-block-image size-large\"><a href=\"https:\/\/agathevidal.fr\"><img alt=\"\" loading=\"lazy\" decoding=\"async\" width=\"835\" height=\"607\" data-id=\"60\" src=\"http:\/\/philosophieaction.com\/wp-content\/uploads\/2025\/03\/A-quoi-sert-la-philosophie-1.jpg\" alt=\"\" class=\"wp-image-60\" srcset=\"https:\/\/philosophieaction.com\/wp-content\/uploads\/2025\/03\/A-quoi-sert-la-philosophie-1.jpg 835w, https:\/\/philosophieaction.com\/wp-content\/uploads\/2025\/03\/A-quoi-sert-la-philosophie-1-300x218.jpg 300w, https:\/\/philosophieaction.com\/wp-content\/uploads\/2025\/03\/A-quoi-sert-la-philosophie-1-768x558.jpg 768w\" sizes=\"auto, (max-width: 835px) 100vw, 835px\" \/><\/a><\/figure>\n<\/figure>\n\n\n\n<figure class=\"wp-block-image size-full is-resized\"><a href=\"https:\/\/la-philosophie.com\"><img alt=\"\" loading=\"lazy\" decoding=\"async\" width=\"180\" height=\"47\" src=\"http:\/\/philosophieaction.com\/wp-content\/uploads\/2025\/03\/La-Philo.webp\" alt=\"\" class=\"wp-image-159\" style=\"width:618px;height:auto\"\/><\/a><\/figure>\n\n\n\n<p><\/p>\n\n\n\n<figure class=\"wp-block-image size-full is-resized\"><a href=\"https:\/\/framagroupes.org\/sympa\/subscribe\/spheps2\"><img alt=\"\" loading=\"lazy\" decoding=\"async\" width=\"468\" height=\"108\" src=\"http:\/\/philosophieaction.com\/wp-content\/uploads\/2025\/03\/philosophie.ch_.png\" alt=\"\" class=\"wp-image-169\" style=\"width:618px;height:auto\" srcset=\"https:\/\/philosophieaction.com\/wp-content\/uploads\/2025\/03\/philosophie.ch_.png 468w, https:\/\/philosophieaction.com\/wp-content\/uploads\/2025\/03\/philosophie.ch_-300x69.png 300w\" sizes=\"auto, (max-width: 468px) 100vw, 468px\" \/><\/a><\/figure>\n\n\n\n<div class=\"wp-block-group alignfull has-global-padding is-layout-constrained wp-container-core-group-is-layout-d89aad35 wp-block-group-is-layout-constrained\" style=\"margin-top:0;margin-bottom:0;padding-top:var(--wp--preset--spacing--50);padding-right:var(--wp--preset--spacing--50);padding-bottom:var(--wp--preset--spacing--50);padding-left:var(--wp--preset--spacing--50)\">\n<div class=\"wp-block-group alignwide has-base-2-background-color has-background has-global-padding is-layout-constrained wp-container-core-group-is-layout-39412042 wp-block-group-is-layout-constrained\" style=\"border-radius:16px;padding-top:var(--wp--preset--spacing--40);padding-right:var(--wp--preset--spacing--50);padding-bottom:var(--wp--preset--spacing--40);padding-left:var(--wp--preset--spacing--50)\">\n<div style=\"height:var(--wp--preset--spacing--10)\" aria-hidden=\"true\" class=\"wp-block-spacer\"><\/div>\n\n\n\n<h2 class=\"wp-block-heading has-text-align-center has-x-large-font-size\">Rejoignez la philosophie de l&rsquo;action<\/h2>\n\n\n\n<p class=\"has-text-align-center\">Partager votre savoir et votre exp\u00e9rience  <\/p>\n\n\n\n<div class=\"wp-block-buttons is-content-justification-center is-layout-flex wp-container-core-buttons-is-layout-a89b3969 wp-block-buttons-is-layout-flex\">\n<div class=\"wp-block-button\"><a class=\"wp-block-button__link wp-element-button\" href=\"contact@philosophieaction.com\">contact<\/a><\/div>\n<\/div>\n\n\n\n<div style=\"height:var(--wp--preset--spacing--10)\" aria-hidden=\"true\" class=\"wp-block-spacer\"><\/div>\n<\/div>\n<\/div>\n\n\n\n<p><\/p>\n","protected":false},"excerpt":{"rendered":"<p>L&rsquo;\u00c9cosyst\u00e8me de la transmission : des professeurs aux passeurs Partager vos coups de coeur en philosophie et parlez nous des oeuvres historiques ! Les rencontres et les \u00e9v\u00e9nements seront partag\u00e9s sur une page d\u00e9di\u00e9e aux professionnels de l&rsquo;\u00e9dition afin de promouvoir vos auteurs. Association, collectivit\u00e9s et partenaires: Faire aimer les sciences Parents, enfants, enseignants, \u00e9ducateurs [&hellip;]<\/p>\n","protected":false},"author":1,"featured_media":0,"parent":0,"menu_order":0,"comment_status":"closed","ping_status":"closed","template":"","meta":{"_seopress_robots_primary_cat":"","_seopress_titles_title":"","_seopress_titles_desc":"","_seopress_robots_index":"","_monsterinsights_skip_tracking":false,"_monsterinsights_sitenote_active":false,"_monsterinsights_sitenote_note":"","_monsterinsights_sitenote_category":0,"_uf_show_specific_survey":0,"_uf_disable_surveys":false,"footnotes":""},"class_list":["post-38","page","type-page","status-publish","hentry"],"aioseo_notices":[],"yoast_head":"<!-- This site is optimized with the Yoast SEO plugin v26.2 - https:\/\/yoast.com\/wordpress\/plugins\/seo\/ -->\n<title>Transmission - Philosophieaction<\/title>\n<meta name=\"robots\" content=\"index, follow, max-snippet:-1, max-image-preview:large, max-video-preview:-1\" \/>\n<link rel=\"canonical\" href=\"https:\/\/philosophieaction.com\/?page_id=38\" \/>\n<meta property=\"og:locale\" content=\"fr_FR\" \/>\n<meta property=\"og:type\" content=\"article\" \/>\n<meta property=\"og:title\" content=\"Transmission - Philosophieaction\" \/>\n<meta property=\"og:description\" content=\"L&rsquo;\u00c9cosyst\u00e8me de la transmission : des professeurs aux passeurs Partager vos coups de coeur en philosophie et parlez nous des oeuvres historiques ! Les rencontres et les \u00e9v\u00e9nements seront partag\u00e9s sur une page d\u00e9di\u00e9e aux professionnels de l&rsquo;\u00e9dition afin de promouvoir vos auteurs. Association, collectivit\u00e9s et partenaires: Faire aimer les sciences Parents, enfants, enseignants, \u00e9ducateurs [&hellip;]\" \/>\n<meta property=\"og:url\" content=\"https:\/\/philosophieaction.com\/?page_id=38\" \/>\n<meta property=\"og:site_name\" content=\"Philosophieaction\" \/>\n<meta property=\"article:publisher\" content=\"https:\/\/www.facebook.com\/InstitutCogito\" \/>\n<meta property=\"article:modified_time\" content=\"2025-09-17T11:21:22+00:00\" \/>\n<meta property=\"og:image\" content=\"https:\/\/philosophieaction.com\/wp-content\/uploads\/2025\/03\/UNADJUSTEDNONRAW_thumb_1fa5-1.jpg\" \/>\n\t<meta property=\"og:image:width\" content=\"720\" \/>\n\t<meta property=\"og:image:height\" content=\"480\" \/>\n\t<meta property=\"og:image:type\" content=\"image\/jpeg\" \/>\n<meta name=\"twitter:card\" content=\"summary_large_image\" \/>\n<meta name=\"twitter:label1\" content=\"Dur\u00e9e de lecture estim\u00e9e\" \/>\n\t<meta name=\"twitter:data1\" content=\"1 minute\" \/>\n<script type=\"application\/ld+json\" class=\"yoast-schema-graph\">{\"@context\":\"https:\/\/schema.org\",\"@graph\":[{\"@type\":\"WebPage\",\"@id\":\"https:\/\/philosophieaction.com\/?page_id=38\",\"url\":\"https:\/\/philosophieaction.com\/?page_id=38\",\"name\":\"Transmission - Philosophieaction\",\"isPartOf\":{\"@id\":\"https:\/\/philosophieaction.com\/#website\"},\"primaryImageOfPage\":{\"@id\":\"https:\/\/philosophieaction.com\/?page_id=38#primaryimage\"},\"image\":{\"@id\":\"https:\/\/philosophieaction.com\/?page_id=38#primaryimage\"},\"thumbnailUrl\":\"http:\/\/philosophieaction.com\/wp-content\/uploads\/2025\/03\/UNADJUSTEDNONRAW_thumb_1fa5-1.jpg\",\"datePublished\":\"2025-03-01T14:28:41+00:00\",\"dateModified\":\"2025-09-17T11:21:22+00:00\",\"breadcrumb\":{\"@id\":\"https:\/\/philosophieaction.com\/?page_id=38#breadcrumb\"},\"inLanguage\":\"fr-FR\",\"potentialAction\":[{\"@type\":\"ReadAction\",\"target\":[\"https:\/\/philosophieaction.com\/?page_id=38\"]}]},{\"@type\":\"ImageObject\",\"inLanguage\":\"fr-FR\",\"@id\":\"https:\/\/philosophieaction.com\/?page_id=38#primaryimage\",\"url\":\"https:\/\/philosophieaction.com\/wp-content\/uploads\/2025\/03\/UNADJUSTEDNONRAW_thumb_1fa5-1.jpg\",\"contentUrl\":\"https:\/\/philosophieaction.com\/wp-content\/uploads\/2025\/03\/UNADJUSTEDNONRAW_thumb_1fa5-1.jpg\",\"width\":720,\"height\":480},{\"@type\":\"BreadcrumbList\",\"@id\":\"https:\/\/philosophieaction.com\/?page_id=38#breadcrumb\",\"itemListElement\":[{\"@type\":\"ListItem\",\"position\":1,\"name\":\"Accueil\",\"item\":\"https:\/\/philosophieaction.com\/\"},{\"@type\":\"ListItem\",\"position\":2,\"name\":\"Transmission\"}]},{\"@type\":\"WebSite\",\"@id\":\"https:\/\/philosophieaction.com\/#website\",\"url\":\"https:\/\/philosophieaction.com\/\",\"name\":\"Philosophieaction\",\"description\":\"Pour une philosophie incarn\u00e9e par des  passionn\u00e9s !\",\"publisher\":{\"@id\":\"https:\/\/philosophieaction.com\/#organization\"},\"potentialAction\":[{\"@type\":\"SearchAction\",\"target\":{\"@type\":\"EntryPoint\",\"urlTemplate\":\"https:\/\/philosophieaction.com\/?s={search_term_string}\"},\"query-input\":{\"@type\":\"PropertyValueSpecification\",\"valueRequired\":true,\"valueName\":\"search_term_string\"}}],\"inLanguage\":\"fr-FR\"},{\"@type\":\"Organization\",\"@id\":\"https:\/\/philosophieaction.com\/#organization\",\"name\":\"Philosophieaction\",\"url\":\"https:\/\/philosophieaction.com\/\",\"logo\":{\"@type\":\"ImageObject\",\"inLanguage\":\"fr-FR\",\"@id\":\"https:\/\/philosophieaction.com\/#\/schema\/logo\/image\/\",\"url\":\"https:\/\/philosophieaction.com\/wp-content\/uploads\/2025\/03\/philosophie.jpg\",\"contentUrl\":\"https:\/\/philosophieaction.com\/wp-content\/uploads\/2025\/03\/philosophie.jpg\",\"width\":674,\"height\":455,\"caption\":\"Philosophieaction\"},\"image\":{\"@id\":\"https:\/\/philosophieaction.com\/#\/schema\/logo\/image\/\"},\"sameAs\":[\"https:\/\/www.facebook.com\/InstitutCogito\"]}]}<\/script>\n<!-- \/ Yoast SEO plugin. -->","yoast_head_json":{"title":"Transmission - Philosophieaction","robots":{"index":"index","follow":"follow","max-snippet":"max-snippet:-1","max-image-preview":"max-image-preview:large","max-video-preview":"max-video-preview:-1"},"canonical":"https:\/\/philosophieaction.com\/?page_id=38","og_locale":"fr_FR","og_type":"article","og_title":"Transmission - Philosophieaction","og_description":"L&rsquo;\u00c9cosyst\u00e8me de la transmission : des professeurs aux passeurs Partager vos coups de coeur en philosophie et parlez nous des oeuvres historiques ! Les rencontres et les \u00e9v\u00e9nements seront partag\u00e9s sur une page d\u00e9di\u00e9e aux professionnels de l&rsquo;\u00e9dition afin de promouvoir vos auteurs. Association, collectivit\u00e9s et partenaires: Faire aimer les sciences Parents, enfants, enseignants, \u00e9ducateurs [&hellip;]","og_url":"https:\/\/philosophieaction.com\/?page_id=38","og_site_name":"Philosophieaction","article_publisher":"https:\/\/www.facebook.com\/InstitutCogito","article_modified_time":"2025-09-17T11:21:22+00:00","og_image":[{"width":720,"height":480,"url":"https:\/\/philosophieaction.com\/wp-content\/uploads\/2025\/03\/UNADJUSTEDNONRAW_thumb_1fa5-1.jpg","type":"image\/jpeg"}],"twitter_card":"summary_large_image","twitter_misc":{"Dur\u00e9e de lecture estim\u00e9e":"1 minute"},"schema":{"@context":"https:\/\/schema.org","@graph":[{"@type":"WebPage","@id":"https:\/\/philosophieaction.com\/?page_id=38","url":"https:\/\/philosophieaction.com\/?page_id=38","name":"Transmission - Philosophieaction","isPartOf":{"@id":"https:\/\/philosophieaction.com\/#website"},"primaryImageOfPage":{"@id":"https:\/\/philosophieaction.com\/?page_id=38#primaryimage"},"image":{"@id":"https:\/\/philosophieaction.com\/?page_id=38#primaryimage"},"thumbnailUrl":"http:\/\/philosophieaction.com\/wp-content\/uploads\/2025\/03\/UNADJUSTEDNONRAW_thumb_1fa5-1.jpg","datePublished":"2025-03-01T14:28:41+00:00","dateModified":"2025-09-17T11:21:22+00:00","breadcrumb":{"@id":"https:\/\/philosophieaction.com\/?page_id=38#breadcrumb"},"inLanguage":"fr-FR","potentialAction":[{"@type":"ReadAction","target":["https:\/\/philosophieaction.com\/?page_id=38"]}]},{"@type":"ImageObject","inLanguage":"fr-FR","@id":"https:\/\/philosophieaction.com\/?page_id=38#primaryimage","url":"https:\/\/philosophieaction.com\/wp-content\/uploads\/2025\/03\/UNADJUSTEDNONRAW_thumb_1fa5-1.jpg","contentUrl":"https:\/\/philosophieaction.com\/wp-content\/uploads\/2025\/03\/UNADJUSTEDNONRAW_thumb_1fa5-1.jpg","width":720,"height":480},{"@type":"BreadcrumbList","@id":"https:\/\/philosophieaction.com\/?page_id=38#breadcrumb","itemListElement":[{"@type":"ListItem","position":1,"name":"Accueil","item":"https:\/\/philosophieaction.com\/"},{"@type":"ListItem","position":2,"name":"Transmission"}]},{"@type":"WebSite","@id":"https:\/\/philosophieaction.com\/#website","url":"https:\/\/philosophieaction.com\/","name":"Philosophieaction","description":"Pour une philosophie incarn\u00e9e par des  passionn\u00e9s !","publisher":{"@id":"https:\/\/philosophieaction.com\/#organization"},"potentialAction":[{"@type":"SearchAction","target":{"@type":"EntryPoint","urlTemplate":"https:\/\/philosophieaction.com\/?s={search_term_string}"},"query-input":{"@type":"PropertyValueSpecification","valueRequired":true,"valueName":"search_term_string"}}],"inLanguage":"fr-FR"},{"@type":"Organization","@id":"https:\/\/philosophieaction.com\/#organization","name":"Philosophieaction","url":"https:\/\/philosophieaction.com\/","logo":{"@type":"ImageObject","inLanguage":"fr-FR","@id":"https:\/\/philosophieaction.com\/#\/schema\/logo\/image\/","url":"https:\/\/philosophieaction.com\/wp-content\/uploads\/2025\/03\/philosophie.jpg","contentUrl":"https:\/\/philosophieaction.com\/wp-content\/uploads\/2025\/03\/philosophie.jpg","width":674,"height":455,"caption":"Philosophieaction"},"image":{"@id":"https:\/\/philosophieaction.com\/#\/schema\/logo\/image\/"},"sameAs":["https:\/\/www.facebook.com\/InstitutCogito"]}]}},"_links":{"self":[{"href":"https:\/\/philosophieaction.com\/index.php?rest_route=\/wp\/v2\/pages\/38","targetHints":{"allow":["GET"]}}],"collection":[{"href":"https:\/\/philosophieaction.com\/index.php?rest_route=\/wp\/v2\/pages"}],"about":[{"href":"https:\/\/philosophieaction.com\/index.php?rest_route=\/wp\/v2\/types\/page"}],"author":[{"embeddable":true,"href":"https:\/\/philosophieaction.com\/index.php?rest_route=\/wp\/v2\/users\/1"}],"replies":[{"embeddable":true,"href":"https:\/\/philosophieaction.com\/index.php?rest_route=%2Fwp%2Fv2%2Fcomments&post=38"}],"version-history":[{"count":23,"href":"https:\/\/philosophieaction.com\/index.php?rest_route=\/wp\/v2\/pages\/38\/revisions"}],"predecessor-version":[{"id":201,"href":"https:\/\/philosophieaction.com\/index.php?rest_route=\/wp\/v2\/pages\/38\/revisions\/201"}],"wp:attachment":[{"href":"https:\/\/philosophieaction.com\/index.php?rest_route=%2Fwp%2Fv2%2Fmedia&parent=38"}],"curies":[{"name":"wp","href":"https:\/\/api.w.org\/{rel}","templated":true}]}}