{"id":88,"date":"2025-03-08T07:57:37","date_gmt":"2025-03-08T06:57:37","guid":{"rendered":"http:\/\/philosophieaction.com\/?page_id=88"},"modified":"2025-09-17T13:24:59","modified_gmt":"2025-09-17T11:24:59","slug":"genese","status":"publish","type":"page","link":"https:\/\/philosophieaction.com\/?page_id=88","title":{"rendered":"Traduction"},"content":{"rendered":"\n<div style=\"height:var(--wp--preset--spacing--50)\" aria-hidden=\"true\" class=\"wp-block-spacer\"><\/div>\n\n\n\n<div class=\"wp-block-group alignwide has-global-padding is-layout-constrained wp-block-group-is-layout-constrained\">\n<h1 class=\"wp-block-heading alignwide has-xx-large-font-size\" style=\"line-height:1.2\">Genese<\/h1>\n<\/div>\n\n\n\n<div class=\"wp-block-group alignfull has-global-padding is-layout-constrained wp-container-core-group-is-layout-0747478d wp-block-group-is-layout-constrained\" style=\"padding-top:var(--wp--preset--spacing--50);padding-right:var(--wp--preset--spacing--50);padding-bottom:var(--wp--preset--spacing--50);padding-left:var(--wp--preset--spacing--50)\">\n<div class=\"wp-block-columns alignwide is-layout-flex wp-container-core-columns-is-layout-ff4b9c61 wp-block-columns-is-layout-flex\" style=\"margin-top:0;margin-bottom:0\">\n<div class=\"wp-block-column is-layout-flow wp-container-core-column-is-layout-8736a895 wp-block-column-is-layout-flow\" style=\"padding-top:0\">\n<div class=\"wp-block-query is-layout-flow wp-block-query-is-layout-flow\"><ul class=\"wp-block-post-template is-layout-flow wp-block-post-template-is-layout-flow\"><li class=\"wp-block-post post-1 post type-post status-publish format-standard hentry category-non-classe\">\n\n<h2 class=\"wp-block-heading\">Bonjour Amis Philosophes!<\/h2>\n\n\n\n<figure class=\"wp-block-image size-full is-resized\"><img alt=\"\" loading=\"lazy\" decoding=\"async\" width=\"558\" height=\"404\" src=\"http:\/\/philosophieaction.com\/wp-content\/uploads\/2025\/03\/ecdath.jpg\" alt=\"\" class=\"wp-image-102\" style=\"width:911px;height:auto\" srcset=\"https:\/\/philosophieaction.com\/wp-content\/uploads\/2025\/03\/ecdath.jpg 558w, https:\/\/philosophieaction.com\/wp-content\/uploads\/2025\/03\/ecdath-300x217.jpg 300w\" sizes=\"auto, (max-width: 558px) 100vw, 558px\" \/><\/figure>\n\n\n\n<hr class=\"wp-block-separator has-css-opacity\"\/>\n\n\n<div class=\"wp-block-post-date\"><time datetime=\"2024-05-17T20:41:51+02:00\">17 mai 2024<\/time><\/div>\n<\/li><\/ul><\/div>\n\n\n\n<h1 class=\"wp-block-heading\">La fondation des premi\u00e8res universit\u00e9s au XIII\u00b0&nbsp;si\u00e8cle<\/h1>\n\n\n\n<p><\/p>\n\n\n\n<h2 class=\"wp-block-heading\">Arts lib\u00e9raux<\/h2>\n\n\n\n<figure class=\"wp-block-image size-full is-resized\"><img alt=\"\" loading=\"lazy\" decoding=\"async\" width=\"201\" height=\"250\" src=\"http:\/\/philosophieaction.com\/wp-content\/uploads\/2025\/03\/arts-liberaux.jpeg\" alt=\"\" class=\"wp-image-117\" style=\"width:612px;height:auto\"\/><\/figure>\n\n\n\n<p><em>Repr\u00e9sentation des 7 arts lib\u00e9raux<\/em><\/p>\n<\/div>\n<\/div>\n<\/div>\n\n\n\n<p>Le&nbsp;<em><a href=\"https:\/\/fr.wikipedia.org\/wiki\/Trivium_(%C3%A9ducation)\">trivium<\/a><\/em>, mot&nbsp;<a href=\"https:\/\/fr.wikipedia.org\/wiki\/Latin\">latin<\/a>&nbsp;qui signifie&nbsp;<em>les trois chemins<\/em>&nbsp;ou \u00ab&nbsp;les trois voies ou mati\u00e8res d&rsquo;\u00e9tudes&nbsp;\u00bb, concerne le \u00ab&nbsp;pouvoir de la langue&nbsp;\u00bb (expression,&nbsp;<a href=\"https:\/\/fr.wikipedia.org\/wiki\/Raisonnement\">raisonnement<\/a>,&nbsp;<a href=\"https:\/\/fr.wikipedia.org\/wiki\/Persuasion\">persuasion<\/a>&nbsp;et s\u00e9duction) et une premi\u00e8re ma\u00eetrise des lettres. <\/p>\n\n\n\n<figure class=\"wp-block-image size-full is-resized\"><img alt=\"\" loading=\"lazy\" decoding=\"async\" width=\"296\" height=\"170\" src=\"http:\/\/philosophieaction.com\/wp-content\/uploads\/2025\/03\/trivium.jpeg\" alt=\"\" class=\"wp-image-121\" style=\"width:570px;height:auto\"\/><\/figure>\n\n\n\n<ul class=\"wp-block-list\">\n<li><a href=\"https:\/\/fr.wikipedia.org\/wiki\/Grammaire\">grammaire<\/a>&nbsp;;<\/li>\n\n\n\n<li><a href=\"https:\/\/fr.wikipedia.org\/wiki\/Dialectique\">dialectique<\/a>&nbsp;;<\/li>\n\n\n\n<li><a href=\"https:\/\/fr.wikipedia.org\/wiki\/Rh%C3%A9torique\">rh\u00e9torique<\/a>.<\/li>\n\n\n\n<li><\/li>\n<\/ul>\n\n\n\n<p>Le&nbsp;<em><a href=\"https:\/\/fr.wikipedia.org\/wiki\/Quadrivium\">quadrivium<\/a><\/em>, soit&nbsp;<em>les quatre chemins<\/em>&nbsp;ou&nbsp;<em>quatre voies<\/em>&nbsp;au-del\u00e0 du&nbsp;<em>trivium<\/em>, se rapporte au \u00ab&nbsp;pouvoir des nombres&nbsp;\u00bb et \u00e0 une premi\u00e8re ma\u00eetrise des sciences ou disciplines math\u00e9matisables. Il se compose de&nbsp;:<\/p>\n\n\n\n<ul class=\"wp-block-list\">\n<li>l&rsquo;<a href=\"https:\/\/fr.wikipedia.org\/wiki\/Arithm%C3%A9tique\">arithm\u00e9tique<\/a>&nbsp;;<\/li>\n\n\n\n<li>la&nbsp;<a href=\"https:\/\/fr.wikipedia.org\/wiki\/Musique\">musique<\/a>&nbsp;;<\/li>\n\n\n\n<li>la&nbsp;<a href=\"https:\/\/fr.wikipedia.org\/wiki\/G%C3%A9om%C3%A9trie\">g\u00e9om\u00e9trie<\/a>&nbsp;;<\/li>\n\n\n\n<li>l&rsquo;<a href=\"https:\/\/fr.wikipedia.org\/wiki\/Astronomie\">astronomie<\/a>.<\/li>\n<\/ul>\n\n\n\n<figure class=\"wp-block-image size-large\"><img alt=\"\" loading=\"lazy\" decoding=\"async\" width=\"1024\" height=\"695\" src=\"http:\/\/philosophieaction.com\/wp-content\/uploads\/2025\/03\/quadrivium-1024x695.jpg\" alt=\"\" class=\"wp-image-119\" srcset=\"https:\/\/philosophieaction.com\/wp-content\/uploads\/2025\/03\/quadrivium-1024x695.jpg 1024w, https:\/\/philosophieaction.com\/wp-content\/uploads\/2025\/03\/quadrivium-300x204.jpg 300w, https:\/\/philosophieaction.com\/wp-content\/uploads\/2025\/03\/quadrivium-768x521.jpg 768w, https:\/\/philosophieaction.com\/wp-content\/uploads\/2025\/03\/quadrivium.jpg 1382w\" sizes=\"auto, (max-width: 1024px) 100vw, 1024px\" \/><\/figure>\n\n\n\n<p><strong>Naissance de l\u2019universit\u00e9 de Paris<\/strong><\/p>\n\n\n\n<p>L\u2019enseignement d\u00e9velopp\u00e9 en France au XIIe si\u00e8cle m\u00e8ne \u00e0 l\u2019obtention de trois grades distinctifs&nbsp;: le baccalaur\u00e9at, la licence ainsi que le doctorat. Leur succ\u00e8s rend n\u00e9cessaire la mise en place d\u2019une organisation structur\u00e9e. C\u2019est l\u2019enjeu de la charte octroy\u00e9e par Philippe Auguste. Celle-ci vient am\u00e9liorer les conditions de vie des universitaires et red\u00e9finies selon deux grands principes. Le premier correspond au regroupement des ma\u00eetres et \u00e9tudiants en une communaut\u00e9,&nbsp;<em>universitas<\/em>, r\u00e9gie par des statuts fixes.&nbsp;Le second garantit l\u2019autonomie universitaire.<\/p>\n\n\n\n<p>Ces libert\u00e9s sont confirm\u00e9es quelques ann\u00e9es plus tard par la papaut\u00e9 avec la bulle&nbsp;<em>Parensscientiarum<\/em>. L\u2019universit\u00e9 de Paris acquiert alors d\u00e9finitivement la capacit\u00e9 juridique et devient une personnalit\u00e9 morale. (<a href=\"https:\/\/www.societe-rochelaise-du-droit.fr\/2023\/01\/26\/la-renaissance-de-luniversite-au-moyen-age\/\">Source)<\/a><\/p>\n\n\n\n<figure class=\"wp-block-image size-full\"><a href=\"https:\/\/clio-texte.clionautes.org\/la-bulle-parens-scientiarum-pour-luniversite-de-paris-13-avril-1231.html\"><img alt=\"\" loading=\"lazy\" decoding=\"async\" width=\"350\" height=\"289\" src=\"http:\/\/philosophieaction.com\/wp-content\/uploads\/2025\/03\/gregory-ix.jpg\" alt=\"\" class=\"wp-image-122\" srcset=\"https:\/\/philosophieaction.com\/wp-content\/uploads\/2025\/03\/gregory-ix.jpg 350w, https:\/\/philosophieaction.com\/wp-content\/uploads\/2025\/03\/gregory-ix-300x248.jpg 300w\" sizes=\"auto, (max-width: 350px) 100vw, 350px\" \/><\/a><\/figure>\n\n\n\n<p>Cette bulle, \u00e9manant de la chancellerie du pape Gr\u00e9goire IX (1227-1241) et s\u2019intitulant \u00ab&nbsp;Parens scientiarum universitas&nbsp;\u00bb est dat\u00e9e du 13 avril 1231.<\/p>\n\n\n\n<p>Elle fait suite aux lettres du l\u00e9gat Robert de Cour\u00e7on (de l\u2019ann\u00e9e 1215), donnant ainsi les principaux privil\u00e8ges qui consacr\u00e8rent l\u2019ind\u00e9pendance juridictionnelle et intellectuelle de l\u2019Universit\u00e9 de Paris. Le terme \u00ab&nbsp;universitas&nbsp;\u00bb d\u00e9signait, \u00e0 l\u2019\u00e9poque, \u00ab&nbsp;tout groupe d\u2019hommes ayant un lien organique ou une commune appartenance&nbsp;\u00bb\u2026 Dans la moiti\u00e9 Nord de l\u2019Europe (Paris, Oxford), les universit\u00e9s \u00e9taient avant tout des associations de ma\u00eetres ou encore des f\u00e9d\u00e9rations d\u2019\u00e9cole. Les disciplines dominantes \u00e9taient les arts lib\u00e9raux et la th\u00e9ologie.<\/p>\n\n\n\n<p><\/p>\n","protected":false},"excerpt":{"rendered":"<p>Genese La fondation des premi\u00e8res universit\u00e9s au XIII\u00b0&nbsp;si\u00e8cle Arts lib\u00e9raux Repr\u00e9sentation des 7 arts lib\u00e9raux Le&nbsp;trivium, mot&nbsp;latin&nbsp;qui signifie&nbsp;les trois chemins&nbsp;ou \u00ab&nbsp;les trois voies ou mati\u00e8res d&rsquo;\u00e9tudes&nbsp;\u00bb, concerne le \u00ab&nbsp;pouvoir de la langue&nbsp;\u00bb (expression,&nbsp;raisonnement,&nbsp;persuasion&nbsp;et s\u00e9duction) et une premi\u00e8re ma\u00eetrise des lettres. Le&nbsp;quadrivium, soit&nbsp;les quatre chemins&nbsp;ou&nbsp;quatre voies&nbsp;au-del\u00e0 du&nbsp;trivium, se rapporte au \u00ab&nbsp;pouvoir des nombres&nbsp;\u00bb et \u00e0 une [&hellip;]<\/p>\n","protected":false},"author":1,"featured_media":0,"parent":0,"menu_order":0,"comment_status":"closed","ping_status":"closed","template":"","meta":{"_seopress_robots_primary_cat":"","_seopress_titles_title":"","_seopress_titles_desc":"","_seopress_robots_index":"","_monsterinsights_skip_tracking":false,"_monsterinsights_sitenote_active":false,"_monsterinsights_sitenote_note":"","_monsterinsights_sitenote_category":0,"_uf_show_specific_survey":0,"_uf_disable_surveys":false,"footnotes":""},"class_list":["post-88","page","type-page","status-publish","hentry"],"aioseo_notices":[],"yoast_head":"<!-- This site is optimized with the Yoast SEO plugin v26.2 - https:\/\/yoast.com\/wordpress\/plugins\/seo\/ -->\n<title>Traduction - Philosophieaction<\/title>\n<meta name=\"robots\" content=\"index, follow, max-snippet:-1, max-image-preview:large, max-video-preview:-1\" \/>\n<link rel=\"canonical\" href=\"https:\/\/philosophieaction.com\/?page_id=88\" \/>\n<meta property=\"og:locale\" content=\"fr_FR\" \/>\n<meta property=\"og:type\" content=\"article\" \/>\n<meta property=\"og:title\" content=\"Traduction - Philosophieaction\" \/>\n<meta property=\"og:description\" content=\"Genese La fondation des premi\u00e8res universit\u00e9s au XIII\u00b0&nbsp;si\u00e8cle Arts lib\u00e9raux Repr\u00e9sentation des 7 arts lib\u00e9raux Le&nbsp;trivium, mot&nbsp;latin&nbsp;qui signifie&nbsp;les trois chemins&nbsp;ou \u00ab&nbsp;les trois voies ou mati\u00e8res d&rsquo;\u00e9tudes&nbsp;\u00bb, concerne le \u00ab&nbsp;pouvoir de la langue&nbsp;\u00bb (expression,&nbsp;raisonnement,&nbsp;persuasion&nbsp;et s\u00e9duction) et une premi\u00e8re ma\u00eetrise des lettres. Le&nbsp;quadrivium, soit&nbsp;les quatre chemins&nbsp;ou&nbsp;quatre voies&nbsp;au-del\u00e0 du&nbsp;trivium, se rapporte au \u00ab&nbsp;pouvoir des nombres&nbsp;\u00bb et \u00e0 une [&hellip;]\" \/>\n<meta property=\"og:url\" content=\"https:\/\/philosophieaction.com\/?page_id=88\" \/>\n<meta property=\"og:site_name\" content=\"Philosophieaction\" \/>\n<meta property=\"article:publisher\" content=\"https:\/\/www.facebook.com\/InstitutCogito\" \/>\n<meta property=\"article:modified_time\" content=\"2025-09-17T11:24:59+00:00\" \/>\n<meta property=\"og:image\" content=\"https:\/\/philosophieaction.com\/wp-content\/uploads\/2025\/03\/ecdath.jpg\" \/>\n\t<meta property=\"og:image:width\" content=\"558\" \/>\n\t<meta property=\"og:image:height\" content=\"404\" \/>\n\t<meta property=\"og:image:type\" content=\"image\/jpeg\" \/>\n<meta name=\"twitter:card\" content=\"summary_large_image\" \/>\n<meta name=\"twitter:label1\" content=\"Dur\u00e9e de lecture estim\u00e9e\" \/>\n\t<meta name=\"twitter:data1\" content=\"2 minutes\" \/>\n<script type=\"application\/ld+json\" class=\"yoast-schema-graph\">{\"@context\":\"https:\/\/schema.org\",\"@graph\":[{\"@type\":\"WebPage\",\"@id\":\"https:\/\/philosophieaction.com\/?page_id=88\",\"url\":\"https:\/\/philosophieaction.com\/?page_id=88\",\"name\":\"Traduction - Philosophieaction\",\"isPartOf\":{\"@id\":\"https:\/\/philosophieaction.com\/#website\"},\"primaryImageOfPage\":{\"@id\":\"https:\/\/philosophieaction.com\/?page_id=88#primaryimage\"},\"image\":{\"@id\":\"https:\/\/philosophieaction.com\/?page_id=88#primaryimage\"},\"thumbnailUrl\":\"http:\/\/philosophieaction.com\/wp-content\/uploads\/2025\/03\/ecdath.jpg\",\"datePublished\":\"2025-03-08T06:57:37+00:00\",\"dateModified\":\"2025-09-17T11:24:59+00:00\",\"breadcrumb\":{\"@id\":\"https:\/\/philosophieaction.com\/?page_id=88#breadcrumb\"},\"inLanguage\":\"fr-FR\",\"potentialAction\":[{\"@type\":\"ReadAction\",\"target\":[\"https:\/\/philosophieaction.com\/?page_id=88\"]}]},{\"@type\":\"ImageObject\",\"inLanguage\":\"fr-FR\",\"@id\":\"https:\/\/philosophieaction.com\/?page_id=88#primaryimage\",\"url\":\"https:\/\/philosophieaction.com\/wp-content\/uploads\/2025\/03\/ecdath.jpg\",\"contentUrl\":\"https:\/\/philosophieaction.com\/wp-content\/uploads\/2025\/03\/ecdath.jpg\",\"width\":558,\"height\":404},{\"@type\":\"BreadcrumbList\",\"@id\":\"https:\/\/philosophieaction.com\/?page_id=88#breadcrumb\",\"itemListElement\":[{\"@type\":\"ListItem\",\"position\":1,\"name\":\"Accueil\",\"item\":\"https:\/\/philosophieaction.com\/\"},{\"@type\":\"ListItem\",\"position\":2,\"name\":\"Traduction\"}]},{\"@type\":\"WebSite\",\"@id\":\"https:\/\/philosophieaction.com\/#website\",\"url\":\"https:\/\/philosophieaction.com\/\",\"name\":\"Philosophieaction\",\"description\":\"Pour une philosophie incarn\u00e9e par des  passionn\u00e9s !\",\"publisher\":{\"@id\":\"https:\/\/philosophieaction.com\/#organization\"},\"potentialAction\":[{\"@type\":\"SearchAction\",\"target\":{\"@type\":\"EntryPoint\",\"urlTemplate\":\"https:\/\/philosophieaction.com\/?s={search_term_string}\"},\"query-input\":{\"@type\":\"PropertyValueSpecification\",\"valueRequired\":true,\"valueName\":\"search_term_string\"}}],\"inLanguage\":\"fr-FR\"},{\"@type\":\"Organization\",\"@id\":\"https:\/\/philosophieaction.com\/#organization\",\"name\":\"Philosophieaction\",\"url\":\"https:\/\/philosophieaction.com\/\",\"logo\":{\"@type\":\"ImageObject\",\"inLanguage\":\"fr-FR\",\"@id\":\"https:\/\/philosophieaction.com\/#\/schema\/logo\/image\/\",\"url\":\"https:\/\/philosophieaction.com\/wp-content\/uploads\/2025\/03\/philosophie.jpg\",\"contentUrl\":\"https:\/\/philosophieaction.com\/wp-content\/uploads\/2025\/03\/philosophie.jpg\",\"width\":674,\"height\":455,\"caption\":\"Philosophieaction\"},\"image\":{\"@id\":\"https:\/\/philosophieaction.com\/#\/schema\/logo\/image\/\"},\"sameAs\":[\"https:\/\/www.facebook.com\/InstitutCogito\"]}]}<\/script>\n<!-- \/ Yoast SEO plugin. -->","yoast_head_json":{"title":"Traduction - Philosophieaction","robots":{"index":"index","follow":"follow","max-snippet":"max-snippet:-1","max-image-preview":"max-image-preview:large","max-video-preview":"max-video-preview:-1"},"canonical":"https:\/\/philosophieaction.com\/?page_id=88","og_locale":"fr_FR","og_type":"article","og_title":"Traduction - Philosophieaction","og_description":"Genese La fondation des premi\u00e8res universit\u00e9s au XIII\u00b0&nbsp;si\u00e8cle Arts lib\u00e9raux Repr\u00e9sentation des 7 arts lib\u00e9raux Le&nbsp;trivium, mot&nbsp;latin&nbsp;qui signifie&nbsp;les trois chemins&nbsp;ou \u00ab&nbsp;les trois voies ou mati\u00e8res d&rsquo;\u00e9tudes&nbsp;\u00bb, concerne le \u00ab&nbsp;pouvoir de la langue&nbsp;\u00bb (expression,&nbsp;raisonnement,&nbsp;persuasion&nbsp;et s\u00e9duction) et une premi\u00e8re ma\u00eetrise des lettres. Le&nbsp;quadrivium, soit&nbsp;les quatre chemins&nbsp;ou&nbsp;quatre voies&nbsp;au-del\u00e0 du&nbsp;trivium, se rapporte au \u00ab&nbsp;pouvoir des nombres&nbsp;\u00bb et \u00e0 une [&hellip;]","og_url":"https:\/\/philosophieaction.com\/?page_id=88","og_site_name":"Philosophieaction","article_publisher":"https:\/\/www.facebook.com\/InstitutCogito","article_modified_time":"2025-09-17T11:24:59+00:00","og_image":[{"width":558,"height":404,"url":"https:\/\/philosophieaction.com\/wp-content\/uploads\/2025\/03\/ecdath.jpg","type":"image\/jpeg"}],"twitter_card":"summary_large_image","twitter_misc":{"Dur\u00e9e de lecture estim\u00e9e":"2 minutes"},"schema":{"@context":"https:\/\/schema.org","@graph":[{"@type":"WebPage","@id":"https:\/\/philosophieaction.com\/?page_id=88","url":"https:\/\/philosophieaction.com\/?page_id=88","name":"Traduction - Philosophieaction","isPartOf":{"@id":"https:\/\/philosophieaction.com\/#website"},"primaryImageOfPage":{"@id":"https:\/\/philosophieaction.com\/?page_id=88#primaryimage"},"image":{"@id":"https:\/\/philosophieaction.com\/?page_id=88#primaryimage"},"thumbnailUrl":"http:\/\/philosophieaction.com\/wp-content\/uploads\/2025\/03\/ecdath.jpg","datePublished":"2025-03-08T06:57:37+00:00","dateModified":"2025-09-17T11:24:59+00:00","breadcrumb":{"@id":"https:\/\/philosophieaction.com\/?page_id=88#breadcrumb"},"inLanguage":"fr-FR","potentialAction":[{"@type":"ReadAction","target":["https:\/\/philosophieaction.com\/?page_id=88"]}]},{"@type":"ImageObject","inLanguage":"fr-FR","@id":"https:\/\/philosophieaction.com\/?page_id=88#primaryimage","url":"https:\/\/philosophieaction.com\/wp-content\/uploads\/2025\/03\/ecdath.jpg","contentUrl":"https:\/\/philosophieaction.com\/wp-content\/uploads\/2025\/03\/ecdath.jpg","width":558,"height":404},{"@type":"BreadcrumbList","@id":"https:\/\/philosophieaction.com\/?page_id=88#breadcrumb","itemListElement":[{"@type":"ListItem","position":1,"name":"Accueil","item":"https:\/\/philosophieaction.com\/"},{"@type":"ListItem","position":2,"name":"Traduction"}]},{"@type":"WebSite","@id":"https:\/\/philosophieaction.com\/#website","url":"https:\/\/philosophieaction.com\/","name":"Philosophieaction","description":"Pour une philosophie incarn\u00e9e par des  passionn\u00e9s !","publisher":{"@id":"https:\/\/philosophieaction.com\/#organization"},"potentialAction":[{"@type":"SearchAction","target":{"@type":"EntryPoint","urlTemplate":"https:\/\/philosophieaction.com\/?s={search_term_string}"},"query-input":{"@type":"PropertyValueSpecification","valueRequired":true,"valueName":"search_term_string"}}],"inLanguage":"fr-FR"},{"@type":"Organization","@id":"https:\/\/philosophieaction.com\/#organization","name":"Philosophieaction","url":"https:\/\/philosophieaction.com\/","logo":{"@type":"ImageObject","inLanguage":"fr-FR","@id":"https:\/\/philosophieaction.com\/#\/schema\/logo\/image\/","url":"https:\/\/philosophieaction.com\/wp-content\/uploads\/2025\/03\/philosophie.jpg","contentUrl":"https:\/\/philosophieaction.com\/wp-content\/uploads\/2025\/03\/philosophie.jpg","width":674,"height":455,"caption":"Philosophieaction"},"image":{"@id":"https:\/\/philosophieaction.com\/#\/schema\/logo\/image\/"},"sameAs":["https:\/\/www.facebook.com\/InstitutCogito"]}]}},"_links":{"self":[{"href":"https:\/\/philosophieaction.com\/index.php?rest_route=\/wp\/v2\/pages\/88","targetHints":{"allow":["GET"]}}],"collection":[{"href":"https:\/\/philosophieaction.com\/index.php?rest_route=\/wp\/v2\/pages"}],"about":[{"href":"https:\/\/philosophieaction.com\/index.php?rest_route=\/wp\/v2\/types\/page"}],"author":[{"embeddable":true,"href":"https:\/\/philosophieaction.com\/index.php?rest_route=\/wp\/v2\/users\/1"}],"replies":[{"embeddable":true,"href":"https:\/\/philosophieaction.com\/index.php?rest_route=%2Fwp%2Fv2%2Fcomments&post=88"}],"version-history":[{"count":10,"href":"https:\/\/philosophieaction.com\/index.php?rest_route=\/wp\/v2\/pages\/88\/revisions"}],"predecessor-version":[{"id":207,"href":"https:\/\/philosophieaction.com\/index.php?rest_route=\/wp\/v2\/pages\/88\/revisions\/207"}],"wp:attachment":[{"href":"https:\/\/philosophieaction.com\/index.php?rest_route=%2Fwp%2Fv2%2Fmedia&parent=88"}],"curies":[{"name":"wp","href":"https:\/\/api.w.org\/{rel}","templated":true}]}}